{"id":20,"date":"2020-06-17T12:06:32","date_gmt":"2020-06-17T12:06:32","guid":{"rendered":"https:\/\/m3net.com\/?page_id=20"},"modified":"2020-06-17T14:37:24","modified_gmt":"2020-06-17T14:37:24","slug":"20-2","status":"publish","type":"page","link":"https:\/\/m3net.com\/","title":{"rendered":"about us"},"content":{"rendered":"<p>[et_pb_section fb_built=&#8220;1&#8243; _builder_version=&#8220;4.4.8&#8243; custom_margin=&#8220;0px|0px|0px|0px|false|false&#8220; custom_padding=&#8220;0px|0px|0px|0px|false|false&#8220;][et_pb_row _builder_version=&#8220;4.4.8&#8243; custom_margin=&#8220;0px|0px|0px|0px|false|false&#8220; custom_padding=&#8220;0px|0px|0px|0px|false|false&#8220; hover_enabled=&#8220;0&#8243; width=&#8220;100%&#8220;][et_pb_column type=&#8220;4_4&#8243; _builder_version=&#8220;4.4.8&#8243;][et_pb_image src=&#8220;https:\/\/m3net.com\/wp-content\/uploads\/2020\/06\/about01_07.jpg&#8220; title_text=&#8220;about01_07&#8243; force_fullwidth=&#8220;on&#8220; _builder_version=&#8220;4.4.8&#8243;][\/et_pb_image][\/et_pb_column][\/et_pb_row][et_pb_row _builder_version=&#8220;4.4.8&#8243;][et_pb_column _builder_version=&#8220;4.4.8&#8243; type=&#8220;4_4&#8243;][et_pb_text _builder_version=&#8220;4.4.8&#8243; hover_enabled=&#8220;0&#8243; custom_margin=&#8220;||0px||false|false&#8220;]<\/p>\n<h2>about us \u2013\u00a0<span class=\"head\">\u00fcber network marketing<\/span><\/h2>\n<p>[\/et_pb_text][et_pb_divider _builder_version=&#8220;4.4.8&#8243; custom_margin=&#8220;||0px||false|false&#8220; custom_padding=&#8220;||0px||false|false&#8220; hover_enabled=&#8220;0&#8243; height=&#8220;1px&#8220;][\/et_pb_divider][\/et_pb_column][\/et_pb_row][et_pb_row _builder_version=&#8220;4.4.8&#8243; column_structure=&#8220;1_2,1_2&#8243; custom_margin=&#8220;0px||||false|false&#8220; custom_padding=&#8220;0px||||false|false&#8220; hover_enabled=&#8220;0&#8243;][et_pb_column _builder_version=&#8220;4.4.8&#8243; type=&#8220;1_2&#8243;][et_pb_text _builder_version=&#8220;4.4.8&#8243; hover_enabled=&#8220;0&#8243; text_font_size=&#8220;16px&#8220;]<\/p>\n<p><span class=\"body\">Unser Service ist ebenso individuell wie unsere Kunden. Nach Ihren Vorstellungen helfen wir bei der Umsetzung Ihrer Promotion- und Incentivekampagnen.<\/span><\/p>\n<p><span class=\"body\">Es soll das Qualit\u00e4tsverst\u00e4ndnis Ihres Hauses \u00fcbermittelt werden.<\/span><\/p>\n<p><span class=\"body\">Gemeinsam mit Ihnen wollen wir Zeichen setzen, Konzepte entwickeln, Ideen CI-gerecht umsetzen.<\/span><\/p>\n<p>[\/et_pb_text][\/et_pb_column][et_pb_column _builder_version=&#8220;4.4.8&#8243; type=&#8220;1_2&#8243;][et_pb_text _builder_version=&#8220;4.4.8&#8243; hover_enabled=&#8220;0&#8243; text_font_size=&#8220;16px&#8220;]<\/p>\n<p><span class=\"body\">network marketing<br \/>manfred mahr<br \/>r\u00f6tzergasse 16<br \/>a-1170 wien<br \/>austria<\/span><\/p>\n<p><span class=\"body\">fon\u00a0<\/span><span>+43 676 606 38 66<\/span><\/p>\n<p><span class=\"body\">tax registration\u00a0<\/span><span>08 893\/4773<\/span><\/p>\n<p><span class=\"body\">UID: ATU37011201<\/span><\/p>\n<p>EORI: ATEOS1000001401<\/p>\n<p>[\/et_pb_text][\/et_pb_column][\/et_pb_row][\/et_pb_section]<\/p>\n","protected":false},"excerpt":{"rendered":"<p>about us \u2013\u00a0\u00fcber network marketing Unser Service ist ebenso individuell wie unsere Kunden. Nach Ihren Vorstellungen helfen wir bei der Umsetzung Ihrer Promotion- und Incentivekampagnen. Es soll das Qualit\u00e4tsverst\u00e4ndnis Ihres Hauses \u00fcbermittelt werden. Gemeinsam mit Ihnen wollen wir Zeichen setzen, Konzepte entwickeln, Ideen CI-gerecht umsetzen. network marketingmanfred mahrr\u00f6tzergasse 16a-1170 wienaustria fon\u00a0+43 676 606 38 66 [&hellip;]<\/p>\n","protected":false},"author":1,"featured_media":0,"parent":0,"menu_order":10,"comment_status":"closed","ping_status":"closed","template":"","meta":{"_et_pb_use_builder":"on","_et_pb_old_content":"","_et_gb_content_width":""},"_links":{"self":[{"href":"https:\/\/m3net.com\/index.php?rest_route=\/wp\/v2\/pages\/20"}],"collection":[{"href":"https:\/\/m3net.com\/index.php?rest_route=\/wp\/v2\/pages"}],"about":[{"href":"https:\/\/m3net.com\/index.php?rest_route=\/wp\/v2\/types\/page"}],"author":[{"embeddable":true,"href":"https:\/\/m3net.com\/index.php?rest_route=\/wp\/v2\/users\/1"}],"replies":[{"embeddable":true,"href":"https:\/\/m3net.com\/index.php?rest_route=%2Fwp%2Fv2%2Fcomments&post=20"}],"version-history":[{"count":4,"href":"https:\/\/m3net.com\/index.php?rest_route=\/wp\/v2\/pages\/20\/revisions"}],"predecessor-version":[{"id":42,"href":"https:\/\/m3net.com\/index.php?rest_route=\/wp\/v2\/pages\/20\/revisions\/42"}],"wp:attachment":[{"href":"https:\/\/m3net.com\/index.php?rest_route=%2Fwp%2Fv2%2Fmedia&parent=20"}],"curies":[{"name":"wp","href":"https:\/\/api.w.org\/{rel}","templated":true}]}}