{"id":55,"date":"2020-06-17T12:49:25","date_gmt":"2020-06-17T12:49:25","guid":{"rendered":"https:\/\/m3net.com\/?page_id=55"},"modified":"2020-06-17T12:53:52","modified_gmt":"2020-06-17T12:53:52","slug":"specials","status":"publish","type":"page","link":"https:\/\/m3net.com\/?page_id=55","title":{"rendered":"specials"},"content":{"rendered":"<p>[et_pb_section fb_built=&#8220;1&#8243; _builder_version=&#8220;4.4.8&#8243; custom_margin=&#8220;0px|0px|0px|0px|false|false&#8220; custom_padding=&#8220;0px|0px|0px|0px|false|false&#8220;][et_pb_row _builder_version=&#8220;4.4.8&#8243; width=&#8220;100%&#8220; custom_margin=&#8220;0px|0px|0px|0px|false|false&#8220; custom_padding=&#8220;0px|0px|0px|0px|false|false&#8220;][et_pb_column type=&#8220;4_4&#8243; _builder_version=&#8220;4.4.8&#8243;][et_pb_image src=&#8220;https:\/\/m3net.com\/wp-content\/uploads\/2020\/06\/about04_07.jpg&#8220; title_text=&#8220;about04_07&#8243; force_fullwidth=&#8220;on&#8220; _builder_version=&#8220;4.4.8&#8243; hover_enabled=&#8220;0&#8243;][\/et_pb_image][\/et_pb_column][\/et_pb_row][et_pb_row _builder_version=&#8220;4.4.8&#8243;][et_pb_column type=&#8220;4_4&#8243; _builder_version=&#8220;4.4.8&#8243;][et_pb_text _builder_version=&#8220;4.4.8&#8243; custom_margin=&#8220;||0px||false|false&#8220;]<\/p>\n<h2>specials<\/h2>\n<p>[\/et_pb_text][et_pb_divider _builder_version=&#8220;4.4.8&#8243; height=&#8220;1px&#8220; custom_margin=&#8220;||0px||false|false&#8220; custom_padding=&#8220;||0px||false|false&#8220;][\/et_pb_divider][\/et_pb_column][\/et_pb_row][et_pb_row _builder_version=&#8220;4.4.8&#8243; custom_margin=&#8220;0px||||false|false&#8220; custom_padding=&#8220;0px||||false|false&#8220;][et_pb_column type=&#8220;4_4&#8243; _builder_version=&#8220;4.4.8&#8243;][et_pb_text _builder_version=&#8220;4.4.8&#8243; text_font_size=&#8220;16px&#8220;]<\/p>\n<div>\n<h3><span class=\"head\">Corporate Fashion<\/span><\/h3>\n<\/div>\n<div>\n<p><span class=\"body\">CF ist ein hervorragendes Mittel, um die Marke und das Image einer Firma oder Organisation zu st\u00e4rken. Die Auswahl der eingesetzten Textilien sollte komfortabel zu tragen sein \u2013 unabh\u00e4ngig vom Anlass. Mit den zueinander passenden Einzelst\u00fccken ist die Vermittlung Ihrer Botschaft und Ihres Erscheinungsbildes kein Problem.- gleichg\u00fcltig ob am Messestand \/ in der Produktionshalle \/ beim Kundenkontakt Ihrer Fahrer, Servicemannschaft u.s.w<\/span><\/p>\n<p><span class=\"body\">Corporate Fashion tr\u00e4gt dazu bei, ein Gef\u00fchl der Gemeinsamkeit zu erzeugen. Derart entsteht ein starker Teamspirit fast von alleine. \u00dcberdies ist die Wahrscheinlichkeit hoch, dass Ihre Mitarbeiter die Firmenbekleidung auch privat tragen. Wo kann Ihre Organisation ein besseres Aush\u00e4ngeschild finden ?<\/span><\/p>\n<p><span class=\"body\">In unseren Augen ist das Design und die Entwicklung von Corporate Fashion mit normaler Kleidung nicht optimal- eine Vielzahl von Kleinigkeiten sind zu beachten, nicht auf den ersten Blick erkennbar, aber trotzdem wesentlich.<\/span><\/p>\n<p><span class=\"body\">Es gibt keine Patentrezepte. Es ist die Botschaft, die \u00fcbermittelt werden soll, die Stuktur des Materiales \/ die Schnitte \/ die eingesetzten Farben \/ grosse Drucke \/ kleine, dezente Stickereien- das alles ist in der Umsetzung zu ber\u00fccksichtigen.<\/span><\/p>\n<h3><span class=\"head\">Die Umsetzung<\/span><\/h3>\n<p><span class=\"body\">gemeinsam mit Modedesignern entwickeln wir f\u00fcr Sie Ihre Corporate Fashion, treffen gemeinsam mit Ihnen die Produktauswahl, organisieren die Veredelung und auf Wunsch auch die Verteilung.<\/span><\/p>\n<\/div>\n<p>[\/et_pb_text][\/et_pb_column][\/et_pb_row][\/et_pb_section]<\/p>\n","protected":false},"excerpt":{"rendered":"<p>specials Corporate Fashion CF ist ein hervorragendes Mittel, um die Marke und das Image einer Firma oder Organisation zu st\u00e4rken. Die Auswahl der eingesetzten Textilien sollte komfortabel zu tragen sein \u2013 unabh\u00e4ngig vom Anlass. Mit den zueinander passenden Einzelst\u00fccken ist die Vermittlung Ihrer Botschaft und Ihres Erscheinungsbildes kein Problem.- gleichg\u00fcltig ob am Messestand \/ in [&hellip;]<\/p>\n","protected":false},"author":1,"featured_media":0,"parent":20,"menu_order":30,"comment_status":"closed","ping_status":"closed","template":"","meta":{"_et_pb_use_builder":"on","_et_pb_old_content":"","_et_gb_content_width":""},"_links":{"self":[{"href":"https:\/\/m3net.com\/index.php?rest_route=\/wp\/v2\/pages\/55"}],"collection":[{"href":"https:\/\/m3net.com\/index.php?rest_route=\/wp\/v2\/pages"}],"about":[{"href":"https:\/\/m3net.com\/index.php?rest_route=\/wp\/v2\/types\/page"}],"author":[{"embeddable":true,"href":"https:\/\/m3net.com\/index.php?rest_route=\/wp\/v2\/users\/1"}],"replies":[{"embeddable":true,"href":"https:\/\/m3net.com\/index.php?rest_route=%2Fwp%2Fv2%2Fcomments&post=55"}],"version-history":[{"count":3,"href":"https:\/\/m3net.com\/index.php?rest_route=\/wp\/v2\/pages\/55\/revisions"}],"predecessor-version":[{"id":69,"href":"https:\/\/m3net.com\/index.php?rest_route=\/wp\/v2\/pages\/55\/revisions\/69"}],"up":[{"embeddable":true,"href":"https:\/\/m3net.com\/index.php?rest_route=\/wp\/v2\/pages\/20"}],"wp:attachment":[{"href":"https:\/\/m3net.com\/index.php?rest_route=%2Fwp%2Fv2%2Fmedia&parent=55"}],"curies":[{"name":"wp","href":"https:\/\/api.w.org\/{rel}","templated":true}]}}