{"id":71,"date":"2020-06-17T12:55:35","date_gmt":"2020-06-17T12:55:35","guid":{"rendered":"https:\/\/m3net.com\/?page_id=71"},"modified":"2020-06-17T13:00:36","modified_gmt":"2020-06-17T13:00:36","slug":"nebenleistungen","status":"publish","type":"page","link":"https:\/\/m3net.com\/?page_id=71","title":{"rendered":"nebenleistungen"},"content":{"rendered":"<p>[et_pb_section fb_built=&#8220;1&#8243; _builder_version=&#8220;4.4.8&#8243; custom_margin=&#8220;0px|0px|0px|0px|false|false&#8220; custom_padding=&#8220;0px|0px|0px|0px|false|false&#8220;][et_pb_row _builder_version=&#8220;4.4.8&#8243; width=&#8220;100%&#8220; custom_margin=&#8220;0px|0px|0px|0px|false|false&#8220; custom_padding=&#8220;0px|0px|0px|0px|false|false&#8220;][et_pb_column type=&#8220;4_4&#8243; _builder_version=&#8220;4.4.8&#8243;][et_pb_image src=&#8220;https:\/\/m3net.com\/wp-content\/uploads\/2020\/06\/about05_07.jpg&#8220; title_text=&#8220;about05_07&#8243; force_fullwidth=&#8220;on&#8220; _builder_version=&#8220;4.4.8&#8243; hover_enabled=&#8220;0&#8243;][\/et_pb_image][\/et_pb_column][\/et_pb_row][et_pb_row _builder_version=&#8220;4.4.8&#8243;][et_pb_column type=&#8220;4_4&#8243; _builder_version=&#8220;4.4.8&#8243;][et_pb_text _builder_version=&#8220;4.4.8&#8243; custom_margin=&#8220;||0px||false|false&#8220;]<\/p>\n<h2>nebenleistungen<\/h2>\n<p>[\/et_pb_text][et_pb_divider _builder_version=&#8220;4.4.8&#8243; height=&#8220;1px&#8220; custom_margin=&#8220;||0px||false|false&#8220; custom_padding=&#8220;||0px||false|false&#8220;][\/et_pb_divider][\/et_pb_column][\/et_pb_row][et_pb_row _builder_version=&#8220;4.4.8&#8243; custom_margin=&#8220;0px||||false|false&#8220; custom_padding=&#8220;0px||||false|false&#8220;][et_pb_column type=&#8220;4_4&#8243; _builder_version=&#8220;4.4.8&#8243;][et_pb_text _builder_version=&#8220;4.4.8&#8243; text_font_size=&#8220;16px&#8220;]<\/p>\n<p><span class=\"body\">der Beschaffungsvorgang wird mit den folgenden Nebenleistungen erg\u00e4nzt:<\/span><\/p>\n<h3><span class=\"head\">Grafik<\/span><\/h3>\n<p><span class=\"body\">gerne setzen wir Ihre gestalterischen W\u00fcnsche in druckf\u00e4hige Dateien um.<br \/>Das reicht von der Einbindung Ihres Logos in ein \u00fcbergeordnetes Konzept bis zur Neuentwicklung bzw. Umsetzung Ihrer Vorgaben.<\/span><\/p>\n<h3><span class=\"head\">Veredelung<\/span><\/h3>\n<p><span class=\"body\">die f\u00fcr Sie gefundenen Produkte veredeln wir<br \/>Ihrem CI \/ Ihrer Werbebotschaft,<br \/>dem Produkt,<br \/>den vern\u00fcnftigen Kosten entsprechend,<br \/>mit Druck, Stick, Pr\u00e4gung, \u00c4tzung, Gravur, Laser etc.<\/span><\/p>\n<h3><span class=\"head\">Logistik<\/span><\/h3>\n<p><span class=\"body\">Konfektionierung ( gerne legen wir K\u00e4rtchen mit Ihrer Botschaft bei )<br \/>Verpackung ( denn die \u00e4ussere Form inszeniert den Inhalt )<br \/>Verteilung \/ Einzelversand<br \/>Produktgerechte Lagerung,<\/span><\/p>\n<p>[\/et_pb_text][\/et_pb_column][\/et_pb_row][\/et_pb_section]<\/p>\n","protected":false},"excerpt":{"rendered":"<p>nebenleistungender Beschaffungsvorgang wird mit den folgenden Nebenleistungen erg\u00e4nzt: Grafik gerne setzen wir Ihre gestalterischen W\u00fcnsche in druckf\u00e4hige Dateien um.Das reicht von der Einbindung Ihres Logos in ein \u00fcbergeordnetes Konzept bis zur Neuentwicklung bzw. Umsetzung Ihrer Vorgaben. Veredelung die f\u00fcr Sie gefundenen Produkte veredeln wirIhrem CI \/ Ihrer Werbebotschaft,dem Produkt,den vern\u00fcnftigen Kosten entsprechend,mit Druck, Stick, Pr\u00e4gung, [&hellip;]<\/p>\n","protected":false},"author":1,"featured_media":0,"parent":20,"menu_order":40,"comment_status":"closed","ping_status":"closed","template":"","meta":{"_et_pb_use_builder":"on","_et_pb_old_content":"","_et_gb_content_width":""},"_links":{"self":[{"href":"https:\/\/m3net.com\/index.php?rest_route=\/wp\/v2\/pages\/71"}],"collection":[{"href":"https:\/\/m3net.com\/index.php?rest_route=\/wp\/v2\/pages"}],"about":[{"href":"https:\/\/m3net.com\/index.php?rest_route=\/wp\/v2\/types\/page"}],"author":[{"embeddable":true,"href":"https:\/\/m3net.com\/index.php?rest_route=\/wp\/v2\/users\/1"}],"replies":[{"embeddable":true,"href":"https:\/\/m3net.com\/index.php?rest_route=%2Fwp%2Fv2%2Fcomments&post=71"}],"version-history":[{"count":3,"href":"https:\/\/m3net.com\/index.php?rest_route=\/wp\/v2\/pages\/71\/revisions"}],"predecessor-version":[{"id":83,"href":"https:\/\/m3net.com\/index.php?rest_route=\/wp\/v2\/pages\/71\/revisions\/83"}],"up":[{"embeddable":true,"href":"https:\/\/m3net.com\/index.php?rest_route=\/wp\/v2\/pages\/20"}],"wp:attachment":[{"href":"https:\/\/m3net.com\/index.php?rest_route=%2Fwp%2Fv2%2Fmedia&parent=71"}],"curies":[{"name":"wp","href":"https:\/\/api.w.org\/{rel}","templated":true}]}}